{"id":2445,"date":"2026-02-01T15:13:29","date_gmt":"2026-02-01T14:13:29","guid":{"rendered":"https:\/\/www.soscocu.org\/blog\/?page_id=2445"},"modified":"2026-02-01T18:41:15","modified_gmt":"2026-02-01T17:41:15","slug":"contact","status":"publish","type":"page","link":"https:\/\/www.soscocu.org\/blog\/pages-publiques\/contact\/","title":{"rendered":"Contact"},"content":{"rendered":"\n<h1 class=\"screen-reader-text\">Contacter SOS Cocu<\/h1>\n<p class=\"screen-reader-text\"> Cette page de contact permet de joindre SOS cocu. Les \u00e9changes sont trait\u00e9s dans le respect de la confidentialit\u00e9 et de la vie priv\u00e9e, sans collecte de donn\u00e9es \u00e0 des fins commerciales.<\/p>\n\n\n\n\n<h5 class=\"wp-block-heading\">Formulaire de contact<\/h5>\n\n\n\n<div style=\"height:14px\" aria-hidden=\"true\" class=\"wp-block-spacer\"><\/div>\n\n\n\n    <form class=\"soscocu-contact-form\" method=\"post\" action=\"\">\n      <input type=\"hidden\" id=\"soscocu_contact_nonce\" name=\"soscocu_contact_nonce\" value=\"3578e4d193\" \/><input type=\"hidden\" name=\"_wp_http_referer\" value=\"\/blog\/wp-json\/wp\/v2\/pages\/2445\" \/>\n      <div class=\"soscocu-field\">\n        <label>Nom<\/label>\n        <input type=\"text\" name=\"soscocu_name\" required>\n      <\/div>\n\n      <div class=\"soscocu-field\">\n        <label>Email<\/label>\n        <input type=\"email\" name=\"soscocu_email\" required>\n      <\/div>\n\n      <div class=\"soscocu-field\">\n        <label>Sujet<\/label>\n        <input type=\"text\" name=\"soscocu_subject\" required>\n      <\/div>\n\n      <div class=\"soscocu-field\">\n        <label>Message<\/label>\n        <textarea name=\"soscocu_message\" rows=\"6\" required><\/textarea>\n      <\/div>\n\n      <div style=\"display:none\">\n        <input type=\"text\" name=\"soscocu_company\">\n      <\/div>\n\n      <div class=\"soscocu-actions\">\n        <button type=\"submit\" name=\"soscocu_contact_submit\">Envoyer<\/button>\n      <\/div>\n    <\/form>\n    \n\n\n\n<p><\/p>\n","protected":false},"excerpt":{"rendered":"<p>Contacter SOS Cocu Cette page de contact permet de joindre SOS cocu. Les \u00e9changes sont trait\u00e9s dans le respect de la confidentialit\u00e9 et de la vie priv\u00e9e, sans collecte de donn\u00e9es \u00e0 des fins commerciales. Formulaire de contact<\/p>\n","protected":false},"author":1,"featured_media":0,"parent":1411,"menu_order":0,"comment_status":"closed","ping_status":"closed","template":"page-right-sidebar","meta":{"footnotes":""},"class_list":["post-2445","page","type-page","status-publish","hentry"],"yoast_head":"<!-- This site is optimized with the Yoast SEO plugin v27.3 - https:\/\/yoast.com\/product\/yoast-seo-wordpress\/ -->\n<title>Contact - SOS cocu<\/title>\n<meta name=\"description\" content=\"Contact SOS cocu\" \/>\n<meta name=\"robots\" content=\"index, follow, max-snippet:-1, max-image-preview:large, max-video-preview:-1\" \/>\n<link rel=\"canonical\" href=\"https:\/\/www.soscocu.org\/blog\/pages-publiques\/contact\/\" \/>\n<meta property=\"og:locale\" content=\"fr_FR\" \/>\n<meta property=\"og:type\" content=\"article\" \/>\n<meta property=\"og:title\" content=\"Contact - SOS cocu\" \/>\n<meta property=\"og:description\" content=\"Contact SOS cocu\" \/>\n<meta property=\"og:url\" content=\"https:\/\/www.soscocu.org\/blog\/pages-publiques\/contact\/\" \/>\n<meta property=\"og:site_name\" content=\"SOS cocu\" \/>\n<meta property=\"article:modified_time\" content=\"2026-02-01T17:41:15+00:00\" \/>\n<meta property=\"og:image\" content=\"https:\/\/www.soscocu.org\/blog\/wp-content\/uploads\/2025\/11\/pic-003.png\" \/>\n\t<meta property=\"og:image:width\" content=\"649\" \/>\n\t<meta property=\"og:image:height\" content=\"535\" \/>\n\t<meta property=\"og:image:type\" content=\"image\/png\" \/>\n<meta name=\"twitter:card\" content=\"summary_large_image\" \/>\n<meta name=\"twitter:site\" content=\"@soscocu\" \/>\n<meta name=\"twitter:label1\" content=\"Dur\u00e9e de lecture estim\u00e9e\" \/>\n\t<meta name=\"twitter:data1\" content=\"1 minute\" \/>\n<script type=\"application\/ld+json\" class=\"yoast-schema-graph\">{\"@context\":\"https:\\\/\\\/schema.org\",\"@graph\":[{\"@type\":\"WebPage\",\"@id\":\"https:\\\/\\\/www.soscocu.org\\\/blog\\\/pages-publiques\\\/contact\\\/\",\"url\":\"https:\\\/\\\/www.soscocu.org\\\/blog\\\/pages-publiques\\\/contact\\\/\",\"name\":\"Contact - SOS cocu\",\"isPartOf\":{\"@id\":\"https:\\\/\\\/www.soscocu.org\\\/blog\\\/#website\"},\"datePublished\":\"2026-02-01T14:13:29+00:00\",\"dateModified\":\"2026-02-01T17:41:15+00:00\",\"description\":\"Contact SOS cocu\",\"breadcrumb\":{\"@id\":\"https:\\\/\\\/www.soscocu.org\\\/blog\\\/pages-publiques\\\/contact\\\/#breadcrumb\"},\"inLanguage\":\"fr-FR\",\"potentialAction\":[{\"@type\":\"ReadAction\",\"target\":[\"https:\\\/\\\/www.soscocu.org\\\/blog\\\/pages-publiques\\\/contact\\\/\"]}]},{\"@type\":\"BreadcrumbList\",\"@id\":\"https:\\\/\\\/www.soscocu.org\\\/blog\\\/pages-publiques\\\/contact\\\/#breadcrumb\",\"itemListElement\":[{\"@type\":\"ListItem\",\"position\":1,\"name\":\"Accueil\",\"item\":\"https:\\\/\\\/www.soscocu.org\\\/blog\\\/\"},{\"@type\":\"ListItem\",\"position\":2,\"name\":\"Pages publiques\",\"item\":\"https:\\\/\\\/www.soscocu.org\\\/blog\\\/pages-publiques\\\/\"},{\"@type\":\"ListItem\",\"position\":3,\"name\":\"Contact\"}]},{\"@type\":\"WebSite\",\"@id\":\"https:\\\/\\\/www.soscocu.org\\\/blog\\\/#website\",\"url\":\"https:\\\/\\\/www.soscocu.org\\\/blog\\\/\",\"name\":\"SOS cocu\",\"description\":\"SOS cocu est une association loi 1901 dont l&#039;objet est le soutien aux victimes d&#039;adult\u00e8re\",\"publisher\":{\"@id\":\"https:\\\/\\\/www.soscocu.org\\\/blog\\\/#organization\"},\"potentialAction\":[{\"@type\":\"SearchAction\",\"target\":{\"@type\":\"EntryPoint\",\"urlTemplate\":\"https:\\\/\\\/www.soscocu.org\\\/blog\\\/?s={search_term_string}\"},\"query-input\":{\"@type\":\"PropertyValueSpecification\",\"valueRequired\":true,\"valueName\":\"search_term_string\"}}],\"inLanguage\":\"fr-FR\"},{\"@type\":\"Organization\",\"@id\":\"https:\\\/\\\/www.soscocu.org\\\/blog\\\/#organization\",\"name\":\"SOS cocu\",\"url\":\"https:\\\/\\\/www.soscocu.org\\\/blog\\\/\",\"logo\":{\"@type\":\"ImageObject\",\"inLanguage\":\"fr-FR\",\"@id\":\"https:\\\/\\\/www.soscocu.org\\\/blog\\\/#\\\/schema\\\/logo\\\/image\\\/\",\"url\":\"https:\\\/\\\/www.soscocu.org\\\/blog\\\/wp-content\\\/uploads\\\/2025\\\/11\\\/logo-152x152-1.png\",\"contentUrl\":\"https:\\\/\\\/www.soscocu.org\\\/blog\\\/wp-content\\\/uploads\\\/2025\\\/11\\\/logo-152x152-1.png\",\"width\":152,\"height\":152,\"caption\":\"SOS cocu\"},\"image\":{\"@id\":\"https:\\\/\\\/www.soscocu.org\\\/blog\\\/#\\\/schema\\\/logo\\\/image\\\/\"},\"sameAs\":[\"https:\\\/\\\/x.com\\\/soscocu\"]}]}<\/script>\n<!-- \/ Yoast SEO plugin. -->","yoast_head_json":{"title":"Contact - SOS cocu","description":"Contact SOS cocu","robots":{"index":"index","follow":"follow","max-snippet":"max-snippet:-1","max-image-preview":"max-image-preview:large","max-video-preview":"max-video-preview:-1"},"canonical":"https:\/\/www.soscocu.org\/blog\/pages-publiques\/contact\/","og_locale":"fr_FR","og_type":"article","og_title":"Contact - SOS cocu","og_description":"Contact SOS cocu","og_url":"https:\/\/www.soscocu.org\/blog\/pages-publiques\/contact\/","og_site_name":"SOS cocu","article_modified_time":"2026-02-01T17:41:15+00:00","og_image":[{"width":649,"height":535,"url":"https:\/\/www.soscocu.org\/blog\/wp-content\/uploads\/2025\/11\/pic-003.png","type":"image\/png"}],"twitter_card":"summary_large_image","twitter_site":"@soscocu","twitter_misc":{"Dur\u00e9e de lecture estim\u00e9e":"1 minute"},"schema":{"@context":"https:\/\/schema.org","@graph":[{"@type":"WebPage","@id":"https:\/\/www.soscocu.org\/blog\/pages-publiques\/contact\/","url":"https:\/\/www.soscocu.org\/blog\/pages-publiques\/contact\/","name":"Contact - SOS cocu","isPartOf":{"@id":"https:\/\/www.soscocu.org\/blog\/#website"},"datePublished":"2026-02-01T14:13:29+00:00","dateModified":"2026-02-01T17:41:15+00:00","description":"Contact SOS cocu","breadcrumb":{"@id":"https:\/\/www.soscocu.org\/blog\/pages-publiques\/contact\/#breadcrumb"},"inLanguage":"fr-FR","potentialAction":[{"@type":"ReadAction","target":["https:\/\/www.soscocu.org\/blog\/pages-publiques\/contact\/"]}]},{"@type":"BreadcrumbList","@id":"https:\/\/www.soscocu.org\/blog\/pages-publiques\/contact\/#breadcrumb","itemListElement":[{"@type":"ListItem","position":1,"name":"Accueil","item":"https:\/\/www.soscocu.org\/blog\/"},{"@type":"ListItem","position":2,"name":"Pages publiques","item":"https:\/\/www.soscocu.org\/blog\/pages-publiques\/"},{"@type":"ListItem","position":3,"name":"Contact"}]},{"@type":"WebSite","@id":"https:\/\/www.soscocu.org\/blog\/#website","url":"https:\/\/www.soscocu.org\/blog\/","name":"SOS cocu","description":"SOS cocu est une association loi 1901 dont l&#039;objet est le soutien aux victimes d&#039;adult\u00e8re","publisher":{"@id":"https:\/\/www.soscocu.org\/blog\/#organization"},"potentialAction":[{"@type":"SearchAction","target":{"@type":"EntryPoint","urlTemplate":"https:\/\/www.soscocu.org\/blog\/?s={search_term_string}"},"query-input":{"@type":"PropertyValueSpecification","valueRequired":true,"valueName":"search_term_string"}}],"inLanguage":"fr-FR"},{"@type":"Organization","@id":"https:\/\/www.soscocu.org\/blog\/#organization","name":"SOS cocu","url":"https:\/\/www.soscocu.org\/blog\/","logo":{"@type":"ImageObject","inLanguage":"fr-FR","@id":"https:\/\/www.soscocu.org\/blog\/#\/schema\/logo\/image\/","url":"https:\/\/www.soscocu.org\/blog\/wp-content\/uploads\/2025\/11\/logo-152x152-1.png","contentUrl":"https:\/\/www.soscocu.org\/blog\/wp-content\/uploads\/2025\/11\/logo-152x152-1.png","width":152,"height":152,"caption":"SOS cocu"},"image":{"@id":"https:\/\/www.soscocu.org\/blog\/#\/schema\/logo\/image\/"},"sameAs":["https:\/\/x.com\/soscocu"]}]}},"_links":{"self":[{"href":"https:\/\/www.soscocu.org\/blog\/wp-json\/wp\/v2\/pages\/2445","targetHints":{"allow":["GET"]}}],"collection":[{"href":"https:\/\/www.soscocu.org\/blog\/wp-json\/wp\/v2\/pages"}],"about":[{"href":"https:\/\/www.soscocu.org\/blog\/wp-json\/wp\/v2\/types\/page"}],"author":[{"embeddable":true,"href":"https:\/\/www.soscocu.org\/blog\/wp-json\/wp\/v2\/users\/1"}],"replies":[{"embeddable":true,"href":"https:\/\/www.soscocu.org\/blog\/wp-json\/wp\/v2\/comments?post=2445"}],"version-history":[{"count":16,"href":"https:\/\/www.soscocu.org\/blog\/wp-json\/wp\/v2\/pages\/2445\/revisions"}],"predecessor-version":[{"id":2474,"href":"https:\/\/www.soscocu.org\/blog\/wp-json\/wp\/v2\/pages\/2445\/revisions\/2474"}],"up":[{"embeddable":true,"href":"https:\/\/www.soscocu.org\/blog\/wp-json\/wp\/v2\/pages\/1411"}],"wp:attachment":[{"href":"https:\/\/www.soscocu.org\/blog\/wp-json\/wp\/v2\/media?parent=2445"}],"curies":[{"name":"wp","href":"https:\/\/api.w.org\/{rel}","templated":true}]}}